0
Let l be (-4)/(-50) - 616/200. Let t(n) = -2*n**3 - 3*n**2 + 12*n + 45. Let r be t(l). Calculate the highest common factor of r and 24.
12
Let y be 1542 + 8 + -7 + -9. Calculate the highest common divisor of y and 354.
118
Suppose -18 = -3*s - 15. Let v be ((-137)/(-9))/s + 22/(-99). Let b be -2*(-43)/(-6)*-3 - -2. What is the greatest common divisor of v and b?
15
Suppose -f = -3*r + 2 + 15, 4*r - 20 = 0. Let d be f/(-3) - (-892)/12. Suppose 38*g - 293 = 48 + 229. What is the highest common divisor of g and d?
15
Let m(d) = -20*d - 3*d**3 + d**3 + 16*d - 7 + 3*d**3. Let l be m(3). Suppose 0 = -z + 5*f + 1 + 7, -l = -z - f. What is the highest common divisor of 2 and z?
2
Suppose 6*v - 3*v = 330. Let a be 2 - (44 + (13 - 7)). Let c be (-42)/7 + a/(-3). What is the highest common divisor of c and v?
10
Suppose 513 = -31*v - 26*v. Let q(o) = -o**2 - 16*o - 6. Let m be q(v). What is the greatest common divisor of 456 and m?
57
Let c(z) = -13*z**2 - 3*z. Let y be c(-2). Suppose -122 = 2*i - 3*p, -i = 4*p + 40 + 32. Let w = y - i. Calculate the highest common factor of w and 198.
18
Suppose 0 = -9*p + 2957 + 9445. What is the greatest common divisor of p and 318?
106
Let v be ((-1288)/24)/((-46)/(-6) - 8). Suppose -i = -4*q + 221, 0*i + 5 = -i. Let w = 77 - q. Calculate the highest common divisor of v and w.
23
Let o = -4152 + 4440. Calculate the greatest common divisor of 56 and o.
8
Suppose 0*u + u - 21 = 0. Let x = -267 + 293. Suppose 5*l - 5*w - 114 - x = 0, 0 = 2*l - 5*w - 56. Calculate the highest common divisor of u and l.
7
Let i = -2275 - -3016. Calculate the highest common divisor of 195 and i.
39
Let y = -7405 + 7417. What is the greatest common divisor of 8076 and y?
12
Suppose 18*d + 168 = 17*d. Let y be ((-28)/49)/(3/d). Let l be (1 - 2 - 15)*-3. Calculate the highest common factor of y and l.
16
Let c be (-80)/45 + 2 - ((-2894)/18 + 2). Calculate the greatest common factor of 132 and c.
3
Let s = -17 - -22. Let c(b) = 12*b + 60. Let v be c(25). Suppose -11*w - v = -20*w. Calculate the greatest common factor of s and w.
5
Let h(i) = 4*i**2 - 3*i - 34. Let y be h(-4). Let p(t) = 141*t**3 - 2*t**2 + 1. Let d be p(1). Calculate the greatest common factor of d and y.
14
Suppose 80 = 13*v - 5*v. Let r be v/(-30) - (-110)/6. Calculate the greatest common divisor of 81 and r.
9
Let f be (534/(-78) + 7 + 685/195)*60. Calculate the greatest common divisor of f and 297.
11
Suppose -611 = 2*v + 5*u, 5*v - 2*v + 974 = 4*u. Let y be -1*v/(-18) - 1/3. Let r = y - -72. What is the highest common factor of r and 18?
18
Let k be (-2)/2 - -162 - (36 - 35). Let l be 180/(-25)*k/(-12). What is the greatest common divisor of 144 and l?
48
Let x(j) = 10*j**3 - 7*j**2 + 7*j - 63. Let w be x(9). What is the highest common factor of w and 243?
81
Let t(h) = -2*h**3 - 6*h**2 + 6*h - 4. Let v be t(10). Let o be v/(-18)*3 + (0 - -1). Suppose o = -3*j + 1151. Calculate the greatest common factor of 22 and j.
22
Suppose -3*i = 5*q + 11, 0 = -i + 5*q - 3*q + 11. Suppose i*s = 2*p - 132, 5*p - 145 - 172 = s. Calculate the greatest common factor of 21 and p.
21
Let v(n) = -n**2 - 19*n + 40. Let y be v(-19). Suppose y - 104 = -2*g. Let u be 1 + (-1 - (-8 + 0)). Calculate the greatest common divisor of u and g.
8
Let p be (4 + 2139 - 4) + (-10 - -17)*1. What is the greatest common factor of 185 and p?
37
Suppose -655*p + 1935 + 5314 = 1354. Suppose -q = -62 + 12. Suppose -n + 67 = -q. What is the highest common factor of p and n?
9
Suppose 11*f - 15*f + 32 = 0. Let m be -68*((-88)/f)/(-2 - -6). What is the greatest common divisor of m and 11?
11
Suppose -375*w + 14943 + 15739 = 12682. Suppose -b - 3*b + 16 = 0. Suppose -b*g = 0, -u + 2*g + g = -48. Calculate the highest common factor of w and u.
48
Suppose 92*u - 71412 = 5868. What is the highest common factor of 220 and u?
20
Suppose -3893 = -13*a + 31909. Calculate the highest common divisor of 153 and a.
153
Let d(i) = -1 + 21*i - 26*i - 2. Let n be d(-2). Suppose -245 - 147 = -14*u. What is the highest common factor of u and n?
7
Suppose -20*f = -12*f + 88. Let y(h) = h**2 - 4*h + 17. Let m be y(f). What is the highest common divisor of m and 84?
14
Suppose -3*n - 4*i + 8 = 0, n - 4*i - 8 = -0*n. Suppose 3*o - 346 = 89*z - 88*z, -n*z + 588 = 5*o. What is the greatest common factor of 58 and o?
58
Let i(u) = 52*u**2 + 13*u + 26. Let c = -262 + 260. Let m be i(c). What is the greatest common divisor of m and 13?
13
Let q be 6272/98*(-4)/64*-4. Calculate the highest common factor of q and 26672.
16
Suppose 2*t = r + 4, 5*t - 4 - 4 = 3*r. Suppose 0 = -t*g + 2*g + 200. Let w = 177 - g. Calculate the greatest common divisor of w and 7.
7
Let y(f) = 2*f**3 - 40*f**2 + 43*f - 79. Let o be y(19). Calculate the highest common factor of o and 3376.
16
Let w = 143 - 70. Suppose -n = -3*y + 237, -5*y + 3*n = n - 395. Suppose h = -u + y, -h + 2*u + 0*u = -w. Calculate the greatest common divisor of 11 and h.
11
Suppose 0 = -209*a - 14*a + 203376. What is the greatest common factor of 171 and a?
57
Let x be (0 - 5)/(-6 + 2030/340). Suppose 985 = 7*m - x. What is the highest common divisor of m and 15?
15
Let u(p) = p**2 + 371*p - 4179. Let c be u(11). Calculate the highest common factor of c and 1.
1
Let s be 50/6*(-552)/(-115). What is the greatest common factor of s and 1790?
10
Let l = -3409 - -39297. What is the highest common divisor of l and 16?
16
Let q be (12/(-4))/((-105)/140). Suppose -38 = 5*n - 243. Suppose -n = -q*p + 43. Calculate the highest common divisor of p and 7.
7
Let c = -1 - -4. Suppose -c*l = -119 + 50. Let n(s) = 6*s - 44. Let f be n(15). Calculate the highest common divisor of f and l.
23
Let g be 9/(-2)*22/(-33) + (-21)/(-7). Calculate the highest common factor of 308 and g.
2
Let i(c) = 5*c + 15. Let l(t) = -8*t - 21. Let b(d) = -7*i(d) - 5*l(d). Let q be b(7). What is the highest common divisor of 14 and q?
7
Let d(b) = b**3 - 8 + 184*b**2 - 359*b**2 + 188*b**2. Let v be d(-6). What is the highest common divisor of v and 61?
61
Let f = 7 - -2657. Calculate the greatest common divisor of f and 144.
72
Let t(s) = 5*s + 10. Let z be t(-2). Let g(r) = 21*r + 115. Let m be g(z). Calculate the greatest common factor of 5 and m.
5
Suppose 14*y = 6168 + 5265 - 2123. What is the greatest common factor of y and 35?
35
Let t(k) = -7*k**2 + 13*k - 2. Let u(z) = 15*z**2 - 26*z + 5. Let f(j) = 13*t(j) + 6*u(j). Let y be f(11). What is the greatest common divisor of 117 and y?
13
Suppose -5*u + 0 + 89 = g, 4*g = -3*u + 390. Let z = 54 - 165. Let x = 122 + z. Calculate the greatest common factor of x and g.
11
Let v be 4/10 + (-6)/(-10). Let n = 27427 - 27384. What is the greatest common factor of v and n?
1
Let l = -356 + 358. Suppose 0 = -2*o - 4*b - b + 78, -l*b = 5*o - 153. What is the highest common factor of 145 and o?
29
Suppose 23*u - 21*u = 3*o + 24886, 2*o - 37342 = -3*u. Calculate the greatest common factor of 42 and u.
14
Suppose -u = -21 + 96. Let f = u + 79. Let t be 178/7 - f/(-7). Calculate the highest common factor of 13 and t.
13
Let c(m) = -5*m + 25. Let b be c(-16). Let i be 160/100 - 2/(-5). Suppose 2*a = 32 - i. What is the highest common factor of a and b?
15
Let h(n) = -n**3 - 2*n**2 + 7*n + 7. Let y be h(6). Let o = y - -332. What is the highest common divisor of o and 341?
31
Let p be -5*8/(-10) - 1. Suppose -4*l - p - 9 = -2*u, -u = -4*l - 2. Calculate the highest common divisor of u and 10.
10
Let j(w) = w**2 + 47*w - 372. Let t be j(-62). What is the highest common divisor of 54 and t?
18
Let h = 216 - -72. Suppose -7*o + 6*o + h = 0. Calculate the greatest common divisor of 9 and o.
9
Suppose -510*r = -521*r + 33. Let n be (8/(-20))/(r/(-90)). Calculate the greatest common divisor of n and 102.
6
Let h be (-2)/(-8) + 22/8. Let g(l) be the first derivative of 8*l**3/3 + l**2 + 4*l - 145. Let i be g(0). What is the highest common factor of h and i?
1
Let m = 997 + -959. Suppose -4*d - 970 = -5*h, 5*h - 560 = 2*h - 2*d. What is the highest common divisor of m and h?
38
Let f = -27 - -40. Let l = 2335 - 2192. Calculate the greatest common factor of l and f.
13
Let t be (20685/18)/7 - 4/24. What is the greatest common factor of t and 451?
41
Let n be 1020/24*(-324)/(-10). Suppose 8*s =